me?
False
Suppose 3*h = 15 + 6. Suppose -6*w = -w - s - 9, 5*w + 4*s = 14. Suppose 0 = w*f - h*f + 110. Is f composite?
True
Let m(i) = 2*i**2 + 4*i. Let x be m(-4). Suppose 4*v + 2*d + x = 0, -4*v + 4*d = -0*v - 8. Is 117 + 1*(0 - v) a prime number?
False
Let j = 83 - -22. Suppose -j = -5*q - 10. Is q prime?
True
Suppose -2*g - 630 = -3*g. Suppose -4*b = 2*o - g, -5*o = 2*b - 1945 + 410. Is o prime?
False
Suppose 3*p = -2*p + 3*n - 7, -4*p - 5*n = 13. Let r be (-171)/(-15) - p/(-5). Let g = r - 4. Is g prime?
True
Let q be -2 + 0 + (1 - -1). Suppose 2*y - 119 - 15 = q. Is y composite?
False
Let j(p) = 2522*p**2 + p - 2. Is j(1) a prime number?
True
Suppose 5*u + 4*u - 1746 = 0. Is u prime?
False
Let v = 197 - 112. Is v composite?
True
Let t = 6929 + -3406. Is t prime?
False
Suppose 4*v - 4*b = -0*b - 8, 4*v - 5*b + 6 = 0. Is (-2031)/(-21) + v/(-14) prime?
True
Suppose -g + 0 = 12. Let j be (-3)/18 - 2222/g. Is (j/(-2))/5*-2 a composite number?
False
Let q be 110/33 + 2/(-6). Suppose b + 2 = -q, -2*b = -p + 107. Is p composite?
False
Suppose 5*s = 1 + 24. Suppose 3*m + s*f = 190, -m - 5*f + f = -75. Suppose 0 = 2*w - 23 - m. Is w a prime number?
False
Suppose -24*a + 62 = -22*a. Is a composite?
False
Let q = -1055 - -1813. Is q a composite number?
True
Let u(b) = 141*b - 1. Is u(3) prime?
False
Suppose 0 = -u + 4*u. Is (-178)/(-3 + (u - -1)) a prime number?
True
Suppose 4*n = 321 + 139. Is n a composite number?
True
Let a = 16955 - 8604. Is a a composite number?
True
Let f = 659 - 336. Is f prime?
False
Is 4/6*((-10314)/(-4))/9 a prime number?
True
Suppose -2*k + 37 = 5*i + 11, -3*k = i - 13. Let h = k - -1. Suppose 5*v - 491 = 3*g, 0 = -2*v - v + h*g + 299. Is v prime?
True
Suppose -3*b = -3*z + 12, -2*z + 4*b + 4 = 3*b. Suppose o - 23 = -5*c - z*o, -3*c = 2*o - 18. Suppose 4*n - 60 = 4*p, 63 = c*n + 3*p - 25. Is n a prime number?
True
Let f be ((-1)/(-2))/((-3)/(-18)). Is 4 + -3 - f*-18 prime?
False
Suppose -4*w - 483 = -3*k - 9*w, 5*k + 3*w = 805. Is k composite?
True
Let y be (-72)/(-15) + (-5)/(-25). Suppose -5*b + j - 4*j = -280, 5*j - 270 = -y*b. Is b a prime number?
True
Let z(v) = v**3 - 5*v**2 - 5*v - 8. Let p be z(6). Let q(n) = 13*n**2 + n - 1. Is q(p) prime?
False
Suppose -3*f + 7 = 5*x + 43, 3*f = -4*x - 30. Let w(u) = 2 - 3*u**2 + 4*u**2 + 3 - 6*u. Is w(x) a composite number?
True
Let a = 583 + 48. Is a composite?
False
Let h(a) = -1 + 7*a**2 - 2*a**2 + 3*a**2 - a + 5*a**2. Is h(2) prime?
False
Suppose n = -3*k + 14 + 58, 5*k - n - 120 = 0. Let q = 61 - k. Is q a composite number?
False
Suppose 3*p - 18 - 12 = 0. Is (-5)/p + (-47)/(-2) composite?
False
Is (-4464)/(-20) - 2/10 a composite number?
False
Let m = 36 + -29. Let f be (-1)/2*3*-2. Suppose f*g - 104 - m = 0. Is g a prime number?
True
Let q = 1713 - 704. Is q a composite number?
False
Suppose -4*z + 28 - 120 = 0. Let s be (-4)/16 + z/4. Is 3/(-9) + (-92)/s prime?
False
Suppose -4*s + 1571 = -0*s - 3*n, -4*s + 5*n = -1565. Is s a composite number?
True
Let h(t) = t**3 - 3*t**2 + 2*t + 8. Let n be h(-7). Let f = -275 - n. Is f composite?
True
Let b = 9 - 5. Suppose 0 = -0*t - b*t + 88. Is t composite?
True
Is (194/(-8))/(2/(-8)) composite?
False
Suppose -5*u + u = -1284. Is u composite?
True
Suppose -2514 = -11*a + 5*a. Is a a composite number?
False
Is (14133*2/9)/(8/12) composite?
True
Let v be ((-61)/3)/(7/(-126)). Let o = v - 99. Is o composite?
True
Suppose -6*m = -8*m + 2194. Is m a prime number?
True
Let y(v) = -v**2 - 7*v - 4. Let d be y(-6). Let o be 46/11 - d/11. Suppose -5*g + 5*w = -75, -5*g + o*w + 6 + 67 = 0. Is g a prime number?
True
Suppose 0 = -2*l - 6*j + 3*j + 169, 5*l - 3*j - 475 = 0. Is l + 1/(1 - 0) composite?
True
Let m(x) = -x**3 - 6*x**2 + x. Let y be m(-4). Suppose -305 + 32 = 3*j. Let d = y - j. Is d composite?
True
Suppose 2*g + 2 = 8. Let y(w) = -4*w + 2. Let i be y(-2). Let t = i + g. Is t a composite number?
False
Suppose 4*s - 50 = -s. Is s composite?
True
Let j(s) be the first derivative of 5*s**4/4 - s**3 - s**2/2 - 3*s + 1. Let n be j(3). Let c = n + -13. Is c a composite number?
False
Let r be 0 + -2 + 5 + 0. Let l be r*2/3 + 9. Let f = -7 + l. Is f a composite number?
True
Let g(c) = -3 + 4*c - 6*c - 6*c**2 - 2*c**3 + c. Is g(-4) prime?
False
Suppose 0 = -8*y + 1843 + 277. Is y a composite number?
True
Let b = -7 - -9. Is (2 - -21)*(b - 0) a prime number?
False
Let r = -3269 + 5200. Is r a prime number?
True
Let n(b) be the third derivative of -b**8/20160 - b**7/420 + b**6/360 + b**5/30 + 2*b**2. Let h(u) be the third derivative of n(u). Is h(-5) prime?
True
Suppose 5*b - 470 = 5*w, -2*b + 3*b - 100 = 4*w. Suppose -2*y = -504 + b. Is (-4)/(-10) + y/10 prime?
False
Let d(j) = 2*j**2 - 3*j + 3. Let g be d(2). Suppose 3*b = g*b. Let x = 19 - b. Is x a composite number?
False
Suppose 5*k - 2232 - 888 = 5*h, k + 3*h = 644. Is k composite?
True
Let s(h) = -307*h**3 + h**2 + 2*h + 1. Is s(-1) a composite number?
False
Suppose 2*o - 21 = -5*u, -5*u + 10 = 5*o - 20. Suppose -430 = l - u*l. Is l a prime number?
False
Suppose 4*z - 6*z + 16 = 0. Suppose -c + 0*c = -66. Let a = c - z. Is a composite?
True
Let d = -69 + 200. Is d prime?
True
Is (-14727)/(-2 - 1) - 2 prime?
False
Let a(d) be the second derivative of d**4/4 + d**3 - d**2 - 4*d. Is a(-5) prime?
True
Suppose -3*m - 2*m = 0. Suppose 2*a - 361 + 71 = m. Is a composite?
True
Let c(q) = 1 - 3 + 13*q + 15. Suppose 3*p + 21 + 18 = 3*s, -4*s - 4*p = -28. Is c(s) prime?
False
Let l(r) = r**3 - 2*r**2 - r - 1. Suppose m - 1 = 1. Let v be l(m). Let d = v + 7. Is d a prime number?
False
Is 6/21 + 2670/14 composite?
False
Suppose 0 = 3*d - 4*d - 2. Let w(i) = 2*i**3 + 4*i**2 + 2*i - 1. Let b be w(-2). Let s = d - b. Is s prime?
True
Is 3*(-1 + 664/12) prime?
True
Suppose 0 = 2*f + 10, 7*y - 2*y - 2*f = 655. Is y a composite number?
True
Is 2 + 3460/6 - (-2)/6 a composite number?
True
Suppose 0*t = -4*t + 124. Is t prime?
True
Suppose -1340 + 74 = -6*c. Is c a prime number?
True
Let d be 3/3 - (-7)/(-1). Let c(q) = -q**3 - 6*q**2 - 8*q + 1. Let x be c(d). Suppose -x = -4*b + 27. Is b a prime number?
True
Let d = 197 - 115. Is d composite?
True
Let f be 0/(2 - (6 + -1)). Let m(y) = -y**2 + y + 10. Let o be m(f). Is o/(-4)*18/(-15) a prime number?
True
Let x = -2 + 9. Let p(m) = -m**2 + 8*m - 10. Let s be p(x). Let b(a) = -a**3 + 2*a**2 + 2*a - 4. Is b(s) prime?
False
Let o be -10 - -4*3/(-6). Let w = o + 18. Suppose -5*i = -3*s - 2, w*i = 3*s + 2*i - 2. Is s a composite number?
True
Let d(s) = -11*s - 2*s**2 + 1 + 7*s - 1. Let o be d(-3). Is 770/18 - o/27 prime?
True
Let j(n) = 14*n - 11. Let m be j(-13). Let h = m + 404. Is h a prime number?
True
Suppose 0 = 2*q + x + 4*x - 80, -4*q - x + 142 = 0. Let a = 71 - q. Suppose -2*v = -6*v + a. Is v a composite number?
True
Let x(d) = -d**3 - d**2 + 7*d. Let u be x(-3). Is (-3 - 3 - u) + 17 prime?
False
Let f = -45 - -464. Is f composite?
False
Suppose 3*f + 807 = 3066. Suppose -l - f = -4*l - 3*h, 5*h - 761 = -3*l. Is l prime?
False
Let f be (-1)/(-2*(-2)/(-180)). Let a = 148 - f. Let u = 222 - a. Is u composite?
True
Let r(d) = -d**3 - d**2 + 2*d + 69. Is r(0) a composite number?
True
Let f = -26 + 81. Is f composite?
True
Is (10/(-2))/((-1)/17) composite?
True
Let h(v) = 3*v - v**3 + 3*v + 136 - 49 - 4*v - v**2. Is h(0) a composite number?
True
Let o be 0/4 + 154 + -1. Suppose 25 = 3*i - 4*u - 1, 0 = -4*u - 20. Suppose -4*p + o = -q, 0*p + 5*q + 99 = i*p. Is p a prime number?
True
Let u = 61 + -31. Let z = u + 20. Let f = z + -17. Is f a composite number?
True
Let m = -116 + 163. Let h = m - 16. Is h prime?
True
Suppose 0 = 4*o - 5*o + 3*l + 156, -4*o = -4*l - 584. Let w = -14 + o. Is w prime?
True
Let z be (-2)/12 - (-387)/54. Suppose -2*f - 643 = -3*m - z*f, 4*m - 5*f = 834. Is m prime?
True
Suppose 5*r + 894 = -9146. Is (r/(-24))/(1/3) composite?
False
Suppose -4*c = -8, 4*c = v + 4*v - 2. Suppose -v*r + 0*r = -246. Is r a prime number?
False
Suppose 3*t - 7 = -n + 1, 4*n - 2*t = -10. Is n/(-1 + 116/118) a prime number?
True
Is (11 + -12)/(2/(-94)) composite?
False
Let z = -296 + 502. Is z a composite number?
True
Let h be ((-48)/56)/(1/56). Let d = 37 - h. Is d a prime number?
False
Let h = -225 - -352. Is h a composite number?
False
Suppose 2*